{"id":374,"date":"2024-12-14T08:36:38","date_gmt":"2024-12-14T08:36:38","guid":{"rendered":"http:\/\/kautz-janits.at\/?page_id=374"},"modified":"2024-12-27T11:29:37","modified_gmt":"2024-12-27T11:29:37","slug":"impressum","status":"publish","type":"page","link":"http:\/\/kautz-janits.at\/?page_id=374","title":{"rendered":"Impressum"},"content":{"rendered":"\n<div class=\"wp-block-group alignfull has-global-padding is-layout-constrained wp-container-core-group-is-layout-3 wp-block-group-is-layout-constrained\" style=\"margin-top:0;margin-bottom:0;padding-top:0;padding-right:0;padding-bottom:0;padding-left:0\">\n<figure class=\"wp-block-image size-full\"><img loading=\"lazy\" decoding=\"async\" width=\"1520\" height=\"420\" src=\"http:\/\/kautz-janits.at\/wp-content\/uploads\/2017\/11\/IMG-20160918-WA0006.jpg\" alt=\"\" class=\"wp-image-277\" srcset=\"http:\/\/kautz-janits.at\/wp-content\/uploads\/2017\/11\/IMG-20160918-WA0006.jpg 1520w, http:\/\/kautz-janits.at\/wp-content\/uploads\/2017\/11\/IMG-20160918-WA0006-300x83.jpg 300w, http:\/\/kautz-janits.at\/wp-content\/uploads\/2017\/11\/IMG-20160918-WA0006-768x212.jpg 768w, http:\/\/kautz-janits.at\/wp-content\/uploads\/2017\/11\/IMG-20160918-WA0006-1024x283.jpg 1024w\" sizes=\"auto, (max-width: 1520px) 100vw, 1520px\" \/><\/figure>\n\n\n\n<div class=\"wp-block-group has-global-padding is-layout-constrained wp-container-core-group-is-layout-1 wp-block-group-is-layout-constrained\" style=\"padding-top:var(--wp--preset--spacing--superbspacing-xsmall);padding-bottom:var(--wp--preset--spacing--superbspacing-xsmall)\">\n<p class=\"has-featured-color has-text-color has-link-color has-superbfont-small-font-size wp-elements-c6c2ed530f2e2083dae5ba75ba91212f\">IMPRESSUM<\/p>\n\n\n\n<h2 class=\"wp-block-heading has-text-align-left has-superbfont-xlarge-font-size\" style=\"line-height:1.2\">GASTHAUS KAUTZ-JANITS<\/h2>\n<\/div>\n\n\n\n<div class=\"wp-block-columns alignwide is-layout-flex wp-container-core-columns-is-layout-1 wp-block-columns-is-layout-flex\">\n<div class=\"wp-block-column is-vertically-aligned-center is-layout-flow wp-container-core-column-is-layout-1 wp-block-column-is-layout-flow\" style=\"padding-top:0;padding-right:0;padding-bottom:0;padding-left:0\">\n<div class=\"wp-block-group is-layout-flow wp-container-core-group-is-layout-2 wp-block-group-is-layout-flow\">\n<p class=\"has-text-align-left has-mono-2-color has-text-color has-superbfont-small-font-size\">Gasthaus Kautz-Janits <br>Alfred Janits e.U. <br>Hauptstra\u00dfe 28 <br>7304 Kleinwarasdorf <br><br>E-Mailadresse: office@kautz-janits.at<br>Telefonnummer: 0676 748 17 13 <br><\/p>\n\n\n\n<p class=\"has-superbfont-small-font-size\">UID-Nummer: ATU 38 63 4607<\/p>\n\n\n\n<p class=\"has-text-align-left has-mono-2-color has-text-color has-superbfont-small-font-size\"><br>Diese Internetpr\u00e4sentation dient lediglich der allgemeinen Information. \u00c4nderungen und Irrt\u00fcmer sind vorbehalten.<br><br>WordPress Theme by <a href=\"http:\/\/superbthemes.com\/\" data-type=\"link\" data-id=\"http:\/\/superbthemes.com\/\">SuperbThemes<\/a><\/p>\n<\/div>\n<\/div>\n<\/div>\n<\/div>\n","protected":false},"excerpt":{"rendered":"<p>IMPRESSUM GASTHAUS KAUTZ-JANITS Gasthaus Kautz-Janits Alfred Janits e.U. Hauptstra\u00dfe 28 7304 Kleinwarasdorf E-Mailadresse: office@kautz-janits.atTelefonnummer: 0676 748 17 13 UID-Nummer: ATU 38 63 4607 Diese Internetpr\u00e4sentation dient lediglich der allgemeinen Information. \u00c4nderungen und Irrt\u00fcmer sind vorbehalten. WordPress Theme by SuperbThemes<\/p>\n","protected":false},"author":1,"featured_media":0,"parent":0,"menu_order":0,"comment_status":"closed","ping_status":"closed","template":"","meta":{"footnotes":""},"class_list":["post-374","page","type-page","status-publish","hentry"],"_links":{"self":[{"href":"http:\/\/kautz-janits.at\/index.php?rest_route=\/wp\/v2\/pages\/374","targetHints":{"allow":["GET"]}}],"collection":[{"href":"http:\/\/kautz-janits.at\/index.php?rest_route=\/wp\/v2\/pages"}],"about":[{"href":"http:\/\/kautz-janits.at\/index.php?rest_route=\/wp\/v2\/types\/page"}],"author":[{"embeddable":true,"href":"http:\/\/kautz-janits.at\/index.php?rest_route=\/wp\/v2\/users\/1"}],"replies":[{"embeddable":true,"href":"http:\/\/kautz-janits.at\/index.php?rest_route=%2Fwp%2Fv2%2Fcomments&post=374"}],"version-history":[{"count":7,"href":"http:\/\/kautz-janits.at\/index.php?rest_route=\/wp\/v2\/pages\/374\/revisions"}],"predecessor-version":[{"id":429,"href":"http:\/\/kautz-janits.at\/index.php?rest_route=\/wp\/v2\/pages\/374\/revisions\/429"}],"wp:attachment":[{"href":"http:\/\/kautz-janits.at\/index.php?rest_route=%2Fwp%2Fv2%2Fmedia&parent=374"}],"curies":[{"name":"wp","href":"https:\/\/api.w.org\/{rel}","templated":true}]}}